2 is divided by 757?
740
Calculate the remainder when 86339 is divided by 8547.
869
What is the remainder when 3456750 is divided by 1429?
1428
Calculate the remainder when 4426922 is divided by 27159.
5
Calculate the remainder when 59936256 is divided by 1266.
18
Calculate the remainder when 8414403 is divided by 12.
3
Calculate the remainder when 601706 is divided by 31666.
52
What is the remainder when 86317 is divided by 5073?
76
What is the remainder when 12025926 is divided by 63?
45
What is the remainder when 48229710 is divided by 189136?
30
Calculate the remainder when 20239 is divided by 5490.
3769
Calculate the remainder when 4868986 is divided by 898.
30
What is the remainder when 1015643 is divided by 44158?
9
What is the remainder when 298405 is divided by 210?
205
Calculate the remainder when 207107 is divided by 4618.
3915
What is the remainder when 49188234 is divided by 191?
4
What is the remainder when 1035312 is divided by 258733?
380
Calculate the remainder when 8277135 is divided by 359875.
10
Calculate the remainder when 5055811 is divided by 3013.
3010
What is the remainder when 293280 is divided by 13305?
570
Calculate the remainder when 3188291 is divided by 19926.
131
What is the remainder when 2590396 is divided by 4212?
16
Calculate the remainder when 74809967 is divided by 567.
554
What is the remainder when 3582720 is divided by 1235?
1220
What is the remainder when 40528 is divided by 13355?
463
What is the remainder when 3878130 is divided by 323177?
6
Calculate the remainder when 145364 is divided by 48445.
29
Calculate the remainder when 41922509 is divided by 838450.
9
Calculate the remainder when 978463 is divided by 528.
79
What is the remainder when 2862141 is divided by 72?
69
Calculate the remainder when 26002592 is divided by 8714.
16
Calculate the remainder when 2704310 is divided by 122923.
4
Calculate the remainder when 2363594 is divided by 30.
14
Calculate the remainder when 1747393 is divided by 8870.
3
What is the remainder when 189701 is divided by 27097?
22
What is the remainder when 33642 is divided by 2522?
856
What is the remainder when 2087799 is divided by 695927?
18
Calculate the remainder when 31183 is divided by 7437.
1435
What is the remainder when 34086359 is divided by 744?
743
What is the remainder when 82622 is divided by 27338?
608
What is the remainder when 1533949 is divided by 24741?
7
What is the remainder when 57593 is divided by 366?
131
Calculate the remainder when 52706 is divided by 1946.
164
What is the remainder when 1300998 is divided by 3603?
315
Calculate the remainder when 61197 is divided by 4349.
311
Calculate the remainder when 88266 is divided by 232.
106
What is the remainder when 159784 is divided by 79885?
14
Calculate the remainder when 33508754 is divided by 262.
2
Calculate the remainder when 18257 is divided by 454.
97
What is the remainder when 377191 is divided by 2879?
42
Calculate the remainder when 9893282 is divided by 4946594.
94
Calculate the remainder when 18371 is divided by 1194.
461
Calculate the remainder when 1566820 is divided by 43522.
28
Calculate the remainder when 134696 is divided by 33674.
0
Calculate the remainder when 8005196 is divided by 1726.
8
What is the remainder when 38411945 is divided by 9872?
9865
Calculate the remainder when 281744 is divided by 93698.
650
Calculate the remainder when 69793 is divided by 413.
409
Calculate the remainder when 846919 is divided by 1743.
1564
What is the remainder when 563681 is divided by 563676?
5
What is the remainder when 110804 is divided by 420?
344
What is the remainder when 55735 is divided by 55717?
18
Calculate the remainder when 12648 is divided by 12566.
82
What is the remainder when 17433 is divided by 6751?
3931
Calculate the remainder when 29820700 is divided by 16024.
36
What is the remainder when 75151 is divided by 14?
13
Calculate the remainder when 159744 is divided by 186.
156
Calculate the remainder when 450496 is divided by 14074.
128
What is the remainder when 6397814 is divided by 589?
96
What is the remainder when 823347 is divided by 2161?
6
Calculate the remainder when 152334853 is divided by 2630.
2623
What is the remainder when 12477175 is divided by 7?
4
What is the remainder when 147047 is divided by 146543?
504
Calculate the remainder when 79896205 is divided by 13316031.
19
Calculate the remainder when 372620 is divided by 422.
416
Calculate the remainder when 55623493 is divided by 55623491.
2
Calculate the remainder when 178122 is divided by 1016.
322
Calculate the remainder when 5217397 is divided by 190.
187
What is the remainder when 348152 is divided by 557?
27
Calculate the remainder when 2807 is divided by 897.
116
Calculate the remainder when 3252475 is divided by 37.
27
Calculate the remainder when 6713430 is divided by 3001.
193
What is the remainder when 17533204 is divided by 2504742?
10
Calculate the remainder when 37381 is divided by 5892.
2029
Calculate the remainder when 87854 is divided by 7072.
2990
What is the remainder when 4459873 is divided by 1429?
1393
What is the remainder when 128094 is divided by 417?
75
Calculate the remainder when 1895884 is divided by 736.
684
What is the remainder when 50314661 is divided by 2383?
2382
What is the remainder when 3928851 is divided by 112?
3
What is the remainder when 3483122 is divided by 1677?
1670
Calculate the remainder when 667795 is divided by 2204.
2187
Calculate the remainder when 562111 is divided by 51101.
0
What is the remainder when 1712791 is divided by 856376?
39
What is the remainder when 7527278 is divided by 250909?
8
What is the remainder when 121704895 is divided by 8?
7
What is the remainder when 19773480 is divided by 155?
130
What is the remainder when 190725 is divided by 2388?
2073
What is the remainder when 500369 is divided by 257?
247
Calculate the remainder when 859535 is divided by 286481.
92
What is the remainder when 1400731 is divided by 5267?
4976
What is the remainder when 22456 is divided by 995?
566
What is the remainder when 7215 is divided by 21?
12
Calculate the remainder when 1362596 is divided by 433.
378
Calculate the remainder when 29976663 is divided by 434444.
27
Calculate the remainder when 4891850 is divided by 19.
15
Calculate the remainder when 1886812 is divided by 29933.
1033
What is the remainder when 3619852 is divided by 3361?
55
What is the remainder when 235323265 is divided by 78441082?
19
What is the remainder when 102821 is divided by 3142?
2277
What is the remainder when 9159932 is divided by 163?
147
Calculate the remainder when 179766 is divided by 5985.
216
What is the remainder when 6202134 is divided by 3101056?
22
Calculate the remainder when 906479184 is divided by 709.
705
Calculate the remainder when 13993688 is divided by 135.
128
Calculate the remainder when 11542989 is divided by 313.
175
Calculate the remainder when 2576873 is divided by 54.
47
What is the remainder when 567774460 is divided by 238?
232
What is the remainder when 2065631510 is divided by 4522?
4520
Calculate the remainder when 1831658 is divided by 36629.
208
Calculate the remainder when 380796 is divided by 126922.
30
Calculate the remainder when 13780 is divided by 6583.
614
Calculate the remainder when 893755 is divided by 446800.
155
What is the remainder when 40091120 is divided by 21848?
40
Calculate the remainder when 2637860 is divided by 207.
59
What is the remainder when 1826512 is divided by 60873?
322
What is the remainder when 57403 is divided by 19123?
34
What is the remainder when 33825017 is divided by 8456246?
33
Calculate the remainder when 39102 is divided by 1117.
7
What is the remainder when 58042707 is divided by 538?
39
Calculate the remainder when 2376040 is divided by 1187994.
52
What is the remainder when 5312928 is divided by 299?
296
What is the remainder when 34284216 is divided by 1451?
1439
Calculate the remainder when 75605 is divided by 364.
257
Calculate the remainder when 3431510 is divided by 2181.
797
What is the remainder when 26131 is divided by 2576?
371
What is the remainder when 8135645 is divided by 538?
9
Calculate the remainder when 5788249 is divided by 58466.
115
What is the remainder when 203739 is divi